.
332
Let v(y) = -28*y**2 - 320*y - 295. Determine v(-1).
-3
Let w(u) = 164*u**2 + 71*u + 149. Determine w(-2).
663
Let n(o) = 75*o**2 + 10507*o + 841. Determine n(-140).
-139
Let t(n) = n**3 + 24*n**2 + 144*n - 126. Determine t(-15).
-261
Let p(y) = -777*y - 22872. Determine p(-27).
-1893
Let o(s) = -s**2 - 12774*s + 102298. What is o(8)?
42
Let z(d) = -995*d**2 - 37*d - 29. Determine z(-1).
-987
Let g(z) = -10*z**2 - 3645*z - 55754. Determine g(-16).
6
Let o(b) = b**3 + 48*b**2 + 24*b - 4837. Calculate o(9).
-4
Let t(x) = 45850*x - 137565. What is t(3)?
-15
Let x(w) = 777*w - 329463. Determine x(424).
-15
Let s(r) = 2*r**3 - 208*r**2 - 1319*r + 16. Calculate s(-6).
10
Let t(j) = -6*j**3 + 49*j**2 + 634*j - 14. What is t(-7)?
7
Let o(p) = 27*p**2 + 1572*p + 2. Calculate o(0).
2
Let g(n) = n**3 - 113*n**2 + 414*n + 986. Determine g(109).
-1412
Let o(v) = 2*v**3 + 10*v**2 - 209*v + 480. Determine o(3).
-3
Let z(k) = 295*k - 6722. Determine z(24).
358
Let x(g) = -137*g**2 - 148*g + 73. What is x(-3)?
-716
Let c(j) = -j**3 - 7*j**2 - 214*j - 434. Determine c(-2).
-26
Let n(r) = -16*r**3 + 153*r**2 + 260*r - 18. Calculate n(-2).
202
Let t(j) = -253*j - 68756. Determine t(-272).
60
Let b(y) = y**3 + 275*y**2 - 51061*y + 889. What is b(127)?
0
Let b(x) = -x**2 + 2639*x + 150917. What is b(-56)?
-3
Let d(y) = -69190*y + 1591364. Give d(23).
-6
Let q(k) = 3099*k - 1035068. Determine q(334).
-2
Let k(d) = 168196*d - 2186547. What is k(13)?
1
Let c(l) = 2*l**3 + 472*l**2 - 20219*l + 541. What is c(37)?
-88
Let w(o) = -2*o**2 + 37678*o + 1207744. What is w(-32)?
0
Let u(w) = -236*w**2 - 66084*w - 723. Calculate u(-280).
397
Let a(r) = 3*r**3 + 14*r**2 - 110*r + 979. Calculate a(11).
5456
Let m(k) = -k**3 - 101*k**2 - 6637*k - 740997. Calculate m(-105).
-12
Let o(b) = 2*b**3 + 7*b**2 + 195*b - 1405. Give o(5).
-5
Let k(l) = 10*l**3 - 67*l**2 + 213*l - 21. Calculate k(3).
285
Let m(g) = -2759*g - 15855. Give m(-7).
3458
Let k(o) = -5*o**3 + 3*o**2 + 1771*o - 8304. Calculate k(5).
1
Let d(h) = -2*h**3 - 71*h**2 - 720*h - 6070. Calculate d(-26).
-194
Let s(o) = -9*o**2 + 1503*o - 1175. What is s(167)?
-1175
Let h(i) = -1287*i - 28250. Determine h(-22).
64
Let w(f) = -6*f**2 + 925*f - 144. Calculate w(154).
10
Let y(x) = 14685*x + 425815. Calculate y(-29).
-50
Let r(a) = 2*a**3 + 103*a**2 - 117*a - 3374. What is r(-52)?
6
Let o(x) = 2*x**2 + 3283*x - 162883. Calculate o(48).
-691
Let a(x) = -458*x - 9488. Give a(-21).
130
Let c(o) = -5*o**2 - 2781*o - 381583. What is c(-310)?
27
Let b(f) = -5337*f + 58981. Calculate b(11).
274
Let r(h) = h**3 - 3*h**2 - 132*h + 608. Determine r(5).
-2
Let y(l) = -47305*l + 1561171. Calculate y(33).
106
Let l(b) = -111*b**3 + 113*b**2 - 272*b + 273. What is l(1)?
3
Let m(q) = -10384*q + 3219023. Calculate m(310).
-17
Let l(u) = -u**2 - 62*u - 1188. Give l(-38).
-276
Let i(r) = 1022*r**2 - 527351*r - 542. Give i(516).
-26
Let s(f) = 590*f**2 + 1763*f - 33. Give s(-3).
-12
Let n(g) = 303*g**2 - 26*g + 25. Give n(1).
302
Let g(d) = 607*d - 24916. Determine g(41).
-29
Let c(t) = -16*t**2 - 2097*t + 22567. Determine c(10).
-3
Let q(j) = -1499*j**2 - 5974*j + 96. Give q(-4).
8
Let t(k) = -k**3 + 83*k**2 - 1712*k - 290. Calculate t(45).
-380
Let b(l) = -5877*l + 352680. Give b(60).
60
Let d(k) = -85*k**3 + 950*k**2 - 142*k - 19. Give d(11).
234
Let y(t) = -t**3 - 467*t**2 - 5763*t - 8222. Give y(-11).
-5
Let o(q) = -262*q**2 + 6804*q - 18026. Determine o(3).
28
Let q(r) = 939*r - 9213. Give q(9).
-762
Let h(p) = 1134*p**2 - 574939*p + 503. Calculate h(507).
-4
Let y(q) = 369*q - 2124. Give y(6).
90
Let r(b) = b**3 - 4*b**2 + 2768*b + 16964. Give r(-6).
-4
Let p(h) = h**2 - 86*h + 1149. Give p(64).
-259
Let a(h) = -759*h + 16926. Determine a(22).
228
Let r(j) = 21458*j + 1716647. Determine r(-80).
7
Let z(i) = 3*i**3 + 13*i**2 + 205*i + 832. Determine z(-4).
28
Let f(x) = -2*x**2 + 76*x - 506. What is f(8)?
-26
Let g(u) = -207*u**2 + 4972*u. Give g(24).
96
Let y(p) = -17206*p - 137664. Calculate y(-8).
-16
Let k(j) = -501530*j - 1003094. Determine k(-2).
-34
Let u(c) = -60392*c + 1509780. Determine u(25).
-20
Let w(p) = 46*p**3 + 28*p**2 + 2*p + 9. What is w(-2)?
-251
Let u(t) = -57*t - 2337. What is u(-51)?
570
Let v(n) = -2358*n - 4074. What is v(-2)?
642
Let g(z) = 8*z**2 + 21746*z + 281321. Calculate g(-13).
-25
Let c(t) = 5*t**2 + 1874*t + 5609. What is c(-3)?
32
Let n(t) = t**3 - 72*t**2 - 1004*t - 298. Calculate n(84).
38
Let d(n) = n**3 - 87*n**2 + 1492*n + 4490. What is d(28)?
10
Let b(p) = -p**3 + 10*p**2 + 730*p - 780. Calculate b(32).
52
Let x(o) = -o**3 - 81*o**2 + 708*o - 273. Give x(-89).
83
Let k(u) = 2*u**2 - 1531*u + 10814. Determine k(7).
195
Let y(w) = 5*w**3 + 18*w**2 + 8233*w + 24657. What is y(-3)?
-15
Let o(y) = -y**2 - 20*y + 2331. What is o(-58)?
127
Let a(c) = 18027*c - 90135. What is a(5)?
0
Let u(m) = -9*m**3 - 4*m**2 - 3160*m + 6345. Calculate u(2).
-63
Let m(n) = 311*n + 5843. What is m(-19)?
-66
Let h(l) = 1750*l + 5217. What is h(-3)?
-33
Let a(r) = -8*r**2 + 319*r - 1627. Calculate a(31).
574
Let s(y) = 256*y + 9246. Give s(-38).
-482
Let s(r) = 2*r**3 - 59*r**2 - 12*r - 448. What is s(30)?
92
Let t(w) = 3*w**2 + 79*w + 1592. What is t(-34)?
2374
Let a(j) = -4*j**3 - 227*j**2 - 219*j - 2839. Determine a(-56).
17
Let l(s) = -4*s**3 - 19*s**2 + 57*s - 23. Determine l(2).
-17
Let m(n) = -17*n + 1796. Calculate m(106).
-6
Let y(q) = 6*q - 187. Give y(-16).
-283
Let x(p) = 120*p + 7723. What is x(-65)?
-77
Let t(q) = -3092*q - 95890. Determine t(-31).
-38
Let d(b) = 852*b - 44356. Determine d(52).
-52
Let s(k) = 8*k**3 + 17*k**2 + 115*k - 343. Calculate s(-6).
-2149
Let x(o) = -7976*o + 2919210. Determine x(366).
-6
Let n(c) = -c**3 + 202*c**2 - 650*c + 10544. Calculate n(199).
-3
Let v(x) = -10*x**3 + 7*x**2 + 197*x - 615. Give v(3).
-231
Let k(h) = -6*h**3 - 894*h**2 + h + 3352. Calculate k(-149).
3203
Let h(k) = 3468*k + 34687. Give h(-10).
7
Let i(l) = -2*l**2 - 155*l + 1503. Determine i(-83).
590
Let u(a) = -a**3 + 140*a**2 + 1179*a + 654. Calculate u(148).
-86
Let y(k) = -13*k - 8. Give y(16).
-216
Let o(r) = 3*r**3 - 24*r**2 + 3952*r - 31614. What is o(8)?
2
Let l(y) = -2*y**3 - 29*y**2 + 206*y + 11. Determine l(6).
-229
Let d(j) = -j**3 - 33*j**2 + 18*j - 209. What is d(-33)?
-803
Let q(t) = -23161*t + 209078. Give q(9).
629
Let x(o) = -640*o + 34069. Give x(54).
-491
Let c(f) = -6*f**3 - 270*f**2 - 41*f - 604. Give c(-45).
1241
Let o(u) = -7181*u + 43858. Calculate o(6).
772
Let j(z) = -z**3 - 103*z**2 + 105*z + 10842. Give j(-103).
27
Let p(f) = -2*f**3 - 279*f**2 - 702*f - 2337. Calculate p(-137).
-8
Let o(r) = -3*r**3 - 4170*r**2 - 16639*r - 31. What is o(-4)?
-3
Let x(y) = -92*y - 297. Give x(-8).
439
Let z(m) = -m**3 + 269*m**2 + 2779*m - 73. What is z(-10)?
37
Let j(h) = -h**3 + 9*h**2 + 24*h - 147. Determine j(10).
-7
Let y(v) = -v**2 - 2841*v - 258270. What is y(-94)?
-52
Let z(m) = -5*m**2 + 251*m + 2581. Give z(59).
-15
Let h(y) = -14*y**3 - 7471*y**2 - 4788*y + 4797. Calculate h(-533).
0
Let m(o) = o**2 - 1030*o - 11428. Give m(-11).
23
Let k(l) = -2*l**2 + 340*l + 3486. Give k(0).
3486
Let r(w) = 3*w**2 + 133*w - 440. Determine r(7).
638
Let s(l) = 408*l + 71398. Give s(-175).
-2
Let r(h) = -h**3 + 15*h**2 - 2774*h + 47713. Determine r(17).
-23
Let j(u) = 5*u**2 - 2972*u - 33278. Calculate j(-11).
19
Let q(v) = -82*v**2 - 6881*v - 6219. Determine q(-83).
6
Let b(u) = -693*u + 269. Calculate b(-2).
1655
Let r(s) = -s**3 + 442*s**2 + 1121*s + 95223. What is r(445)?
-7
Let h(o) = -o**2 - 5117*o - 152593. Determine h(-30).
17
Let b(h) = 145*h + 5070. Calculate b(-28).
1010
Let h(n) = 71905*n - 12799057. Give h(178).
33
Let o(a) = 3208*a - 9638. Determine o(3).
-14
Let l(q) = 3074*q + 8689. Determine l(-3).
-533
Let z(q) = 2*q**2 - 52797*q + 52801. Determine z(1).
6
Let h(v) = -13*v**2 - 215*v + 105. Give h(-8).
993
Let y(i) = 3*i**2 + 52*i + 238. Calculate y(-9).
13
Let t(i) = -7*i**3 + 234*i**2 - 385*i + 2081. Determine t(32).
1
Let b(v) = -196*v + 17813. Calculate b(80).
2133
Let z(v) = v**3 - 2*v**2 - 1633*v + 25885. Calculate z(21).
-29
Let h(i) = i**3 + 33*i**2 + 284*i + 448. Determine h(-11).
-14
Let q(j) = -165*j + 3572. Calculate q(8).
2252
Let m(x) = -30*x**2 - 1097*x + 481. 